84 = -2*v. Calculate the highest common factor of 180 and v.
36
Let n = 202 - 157. Calculate the greatest common divisor of 45 and n.
45
Suppose 15 = -2*k + 5*k. Suppose -5*b + 5 = -c, -k*b - c = c - 20. Let f = 1542 + -1532. What is the highest common divisor of b and f?
2
Let q(u) = u**3 - 2*u**2 - 2*u + 1. Let c be q(3). Let r be (-222)/c*(-12)/18. Calculate the highest common factor of 37 and r.
37
Let h(m) = -11*m + 7. Let u be h(-19). Calculate the highest common factor of u and 24.
24
Let f = 75 - 69. Let s(i) = 4*i**3 - 14*i**2 - 3*i. Let k be s(f). What is the greatest common divisor of 38 and k?
38
Suppose 4*s = 8*r - 4*r - 52, 0 = -5*r + 4*s + 60. What is the highest common divisor of 856 and r?
8
Let t be (2/12)/((-78)/(-1404)). Suppose 281 = 2*j - 7. Suppose j = 3*f + t*f. What is the highest common divisor of 96 and f?
24
Let i be (14/(-10))/((-22)/2090). Calculate the highest common divisor of 57 and i.
19
Let w(p) = 3*p**2 - 3*p. Suppose -f - 6 = -2*a, a - 5 = 3*f - 2. Let g be w(a). Calculate the highest common factor of g and 90.
18
Let x(p) = p**2 - 15*p - 10. Let j be x(17). Calculate the greatest common factor of j and 40.
8
Let x = 75 - -280. Calculate the highest common divisor of x and 284.
71
Let n(u) = -4*u**2. Let h be n(1). Let f(t) = t + 40 - 40 - 10*t. Let k be f(h). What is the highest common factor of 9 and k?
9
Suppose 198 + 1194 = 6*h. Let o be (2/(-4))/(1/(-58)). What is the highest common factor of h and o?
29
Suppose -11*t = -7*t - 764. Suppose -3*z - 2*y + 569 = 0, 2*z = 3*z + 2*y - t. Let a be -1 + (2 - -20) + 0. Calculate the greatest common divisor of z and a.
21
Suppose 4*o + 3*t = 33, -23*t - 45 = -5*o - 26*t. What is the greatest common factor of o and 294?
6
Let q = 45 + -25. Let b(i) = i**3 - 26*i**2 + 3*i - 58. Let z be b(26). What is the greatest common divisor of z and q?
20
Let l(g) = 8*g**2 - 5*g + 37. Let u be l(4). Calculate the highest common factor of u and 87.
29
Let g(h) = -4 + 2*h - 4 + 5 + 0. Let d be g(4). Suppose i = -2*i + 15. Calculate the greatest common factor of i and d.
5
Let u(m) = m**2 - 6*m + 6. Let o be u(6). Let v be 130/o + (-11)/(-33). What is the greatest common factor of v and 55?
11
Let n = 8 + -3. Suppose -2*x + 130 = 2*r - 250, 2*x - n*r - 394 = 0. What is the greatest common factor of x and 24?
24
Suppose 3*u + 44 = -0*u - r, 2*u + 34 = -3*r. Let x be (-4)/u - (-1)/((-35)/(-7865)). Calculate the highest common factor of 25 and x.
25
Let k(u) = 7*u**2 - 27*u - 79. Let j(q) = 11*q**2 - 41*q - 119. Let p(y) = -5*j(y) + 8*k(y). Let a be p(-3). Calculate the highest common divisor of 15 and a.
5
Let c = 7 + -4. Suppose c*u = 2*u + 63. Let k be (8 - 6)*(42/4)/3. What is the highest common factor of k and u?
7
Let r be (-82 - 10/5)*30/(-7). Calculate the greatest common factor of 48 and r.
24
Let v = 5 + 16. Let f(y) = -108*y - 749. Let x be f(-7). What is the greatest common divisor of v and x?
7
Suppose -5*s + 2*a + 585 = 0, 2*s + 3*a = 4*a + 233. Suppose 2*w - 3*w = 2*m - 11, 4*w = 3*m + 77. What is the highest common divisor of s and w?
17
Let b = -14 - -30. Suppose -4*v + 60 = 2*i, -3*v = -2*v - 3. What is the greatest common divisor of i and b?
8
Let a(v) = v**3 - 11*v**2 + 5*v + 34. Let z be a(11). Let p = z - 88. Calculate the greatest common divisor of p and 8.
1
Suppose -66 = -2*c - 4*g, -11*c + 132 = -7*c + 4*g. Calculate the highest common factor of 11 and c.
11
Let l(u) = 83*u**3 - u**2 - 2*u - 1. Let r be l(-1). Let b = 49 - r. Suppose -n + b = 3*n. Calculate the highest common divisor of n and 3.
3
Let f be (21/2)/((-9)/(-264)). Calculate the greatest common factor of 56 and f.
28
Suppose -3*n = -q, 3*q + 2*n = 1 + 10. Suppose -t - 56 = -q*t. What is the greatest common divisor of t and 4?
4
Suppose 14*r - 2788 = -940. What is the greatest common divisor of 48 and r?
12
Suppose -7*f + 5710 = -5805. Calculate the greatest common divisor of f and 35.
35
Suppose -j - 3*o = -29, -o + 18 - 135 = -3*j. Calculate the greatest common factor of j and 304.
38
Suppose y = -y. Suppose 2*t + 0*l = 4*l + 90, 5*t + l - 225 = y. What is the highest common factor of 18 and t?
9
Suppose -2*y - 5*n = y - 278, -3*y + 277 = 4*n. Let i be (-2)/(-8) + 102/8. What is the greatest common factor of y and i?
13
Let i(a) = -46*a**2 - 2*a + 1. Let l be i(1). Let k = 91 + l. Calculate the highest common divisor of k and 22.
22
Suppose -2*k - 9 = 9. Let q be k/27 + (-156)/(-9). Calculate the greatest common divisor of 153 and q.
17
Let u = 0 + 3. Let t = 145 + -40. Suppose -t = -0*x - 5*x. What is the greatest common divisor of u and x?
3
Let i(x) = 29*x**2 + x + 1. Let d be i(1). Let y = 39 - d. What is the highest common divisor of 16 and y?
8
Suppose -106 = -3*y + 74. Suppose y = -t + 6*t. Let v be (t - 10) + 12 + 0. What is the greatest common factor of v and 35?
7
Suppose 38 = d + 4*s + 30, 5*d - 4*s = 88. Let m(u) = 33*u - 3. Let k be m(2). Let j = -23 + k. What is the highest common divisor of j and d?
8
Suppose -b - 80 = -w, 2*b = -4*w + 3*b + 323. What is the highest common factor of 324 and w?
81
Let v(h) = -17*h + 16. Let y be v(7). Let s = y - -163. Calculate the highest common divisor of s and 15.
15
Suppose 521 = 9*o - 217. Let j = 91 - o. What is the greatest common factor of 117 and j?
9
Suppose 0*u + u = 5*t - 366, 3*u + 284 = 4*t. Suppose -6*o = -4*o - t. Suppose o = -3*h + 109. Calculate the greatest common factor of h and 12.
12
Let t be 18 + 17 + -1 + -4. Calculate the highest common factor of t and 402.
6
Suppose -4*z + 1952 = -5*l, -2*l + 1 = -7. Calculate the highest common divisor of 17 and z.
17
Suppose -7*o + o + 408 = 0. Calculate the highest common divisor of o and 34.
34
Let b be 46*((-15)/(-6) + -2). Suppose -85 = -5*p + 375. Calculate the greatest common divisor of p and b.
23
Let i(n) = n**3 - n**2 - 3*n - 4. Let s be i(3). Suppose 10*q - 260 = -3*q. Calculate the highest common divisor of q and s.
5
Let y be 4/6 - (-8)/(-3). Let o be ((-11)/y)/((-1)/(-2)). Suppose -34 + 23 = -l. Calculate the greatest common divisor of o and l.
11
Suppose 0 = 3*a - 4*a + 54. Suppose 3*u = 5*l + 299, 11*u - 6*u = -2*l + 550. Calculate the greatest common divisor of a and u.
54
Let k(v) = -79*v - 137. Let s be k(-5). Calculate the highest common divisor of 172 and s.
86
Suppose 0 = -18*a + 25*a - 210. What is the highest common factor of 45 and a?
15
Suppose 5*v = -15, 7*y - 3*v + 103 = 11*y. What is the highest common divisor of y and 532?
28
Let n(g) = -2*g + 5*g - 2*g. Let v(z) = 7*z + 3. Let o(x) = -6*n(x) + v(x). Let t be o(2). Calculate the highest common factor of 35 and t.
5
Let n(s) = -2*s**2 + s + 59. Let w be n(0). Calculate the greatest common divisor of w and 59.
59
Suppose -11*s - 3*r = -8*s - 276, 98 = s + 4*r. What is the highest common divisor of 120 and s?
30
Let m = 36 - -42. Let s be (-9)/(-45) - m/(-10). Suppose 40 = -0*w + w. What is the highest common factor of s and w?
8
Let u(i) = -i**3 + 7*i**2 + 2*i - 1. Suppose 9*v - 4*v - 40 = 0. Let r be u(v). Let p = r + 157. Calculate the greatest common divisor of 12 and p.
12
Let h(r) = -2*r**2 + 23*r - 21. Let z be h(7). Calculate the highest common factor of 28 and z.
14
Let r(a) = 31*a**3 - 3*a**2 + 4*a - 2. Let s be r(1). What is the greatest common factor of s and 110?
10
Let b(x) be the first derivative of -x**4/4 - x**2/2 - 3. Let o be b(0). Suppose o = -4*q + 3*q + 12. What is the greatest common factor of q and 3?
3
Suppose -2*i + 6*i + 4 = 3*v, -2*v = 2*i + 2. Suppose v = -4*q + 2*q - 10. Let o be (-50)/q*(-10)/(-4). What is the greatest common divisor of 275 and o?
25
Let b(k) = k**3 + 8*k**2 - 16*k - 70. Let l be b(-7). What is the highest common factor of 13 and l?
13
Let v = -524 + 540. What is the highest common divisor of v and 16?
16
Let a = -14 + 16. Let z be 15/1 - (-4 + (a - -3)). Let b(h) = -111*h**3 + 2*h**2 - 1. Let w be b(-1). What is the greatest common divisor of w and z?
14
Let m = 63 - 38. Let i = -3 + m. What is the greatest common factor of 2 and i?
2
Let s(a) = -11*a + 7. Let h be s(2). Let m be 5/(-1) + 2 - h. Calculate the greatest common divisor of m and 12.
12
Let u(i) = -2. Let b(f) = -2*f - 15. Let p(c) = b(c) + 3*u(c). Let v be p(-14). Calculate the greatest commo